1. Suppose -9 = -4*j - 5*m, 5*j - c = 3*m + 24. Calculate the remainder when 23 is divided by j.
5
Suppose 13*y + 18 = 16*y. What is the remainder when 4 + 114/(y + -4) is divided by 32?
29
Let k = 17 + -10. What is the remainder when -10 - -41 - ((-10)/5 - 4) is divided by k?
2
Let b = -17 - -23. Suppose g - b = -28. Let t = -9 - g. Calculate the remainder when 48 is divided by t.
9
Let w = -20 + 61. Let h be ((-8)/(-14))/(2/7). Suppose -2*a - h = -30. Calculate the remainder when w is divided by a.
13
Suppose -4*p + 4*k = -76, -2*p - 18 = -5*k - 56. Calculate the remainder when 38 is divided by p.
0
Let l = -14 + 26. Let x = -319 + 222. Let p = x + 143. Calculate the remainder when p is divided by l.
10
Let r = -28 - -41. What is the remainder when ((-7)/2)/((-2)/28) is divided by r?
10
Let n(m) = m**2 + 19*m - 27. Calculate the remainder when n(-21) is divided by 4.
3
Suppose o + 40 - 125 = -4*n, -5*n = o - 86. Let v = o - 68. Suppose -i + 256 = 3*i. Calculate the remainder when i is divided by v.
12
Let d = 18 + -30. Let q = d + 25. Calculate the remainder when 45 is divided by q.
6
Let y = 69 - 42. Let m(c) = -2*c**3 - c**2 - 3*c + 80. Let r be 3 + (9/(-6))/((-1)/(-2)). Calculate the remainder when m(r) is divided by y.
26
Suppose 0 = 3*q - 8*q + 30. Suppose 12 = 3*u - c, 3*c = -5*u - 2*c. Calculate the remainder when 36 is divided by (-40)/q*(u + -6).
16
Let v = -112 + 140. Suppose -4*f = -84 + v. What is the remainder when 111 is divided by f?
13
Let w(a) = 4*a**2 + 9*a + 23. Calculate the remainder when w(-2) is divided by 5.
1
Suppose 51*y + 387 = 60*y. Calculate the remainder when y is divided by 13.
4
Let s = -1708 - -2146. Calculate the remainder when s is divided by 55.
53
Let a(b) = 2*b**2 + 7*b + 30. Calculate the remainder when 96 is divided by a(-5).
6
Suppose 42 = 13*x + 3. Suppose -x*r + 74 - 3 = 5*k, -5*r = 2*k - 93. What is the remainder when 29 is divided by r?
12
Suppose -z = 5 - 18. Let p = 110 + -61. What is the remainder when p is divided by z?
10
Let c(j) = -j**3 - 6*j**2 - 5*j - 11. Let f be c(-6). Suppose -4*d = -5*q + 8, -q + 0*d - 5*d = -f. Calculate the remainder when 6 is divided by q.
2
Let a(h) = h**3 - 9*h**2 - 9*h + 9. Let x be a(8). Let y be (12/4)/1 + x. What is the remainder when -6 - y - (0 + -1) is divided by 30?
29
Suppose 3*l + l + 104 = 2*u, 5*u - 2*l = 228. Let c = u - 29. What is the remainder when 44 is divided by c?
14
What is the remainder when 22 is divided by 4/(-10) + 3*(-260)/(-75)?
2
Let l(m) = 24*m + 108. What is the remainder when 115 is divided by l(-4)?
7
Let w = -177 + 905. Calculate the remainder when w is divided by 61.
57
Let w(j) = j - 3. Suppose 2 - 7 = -t. Let s be w(t). What is the remainder when 65 is divided by 0 + -2 + 38/s?
14
Suppose 36*n = -9*n + 4950. What is the remainder when 362 is divided by n?
32
Suppose -4*r + 3*t + 4 = -0*t, 4*r + 3*t - 28 = 0. What is the remainder when 244 is divided by r?
0
Let n(l) = -55*l - 150. Suppose -s - 4 = -243. Calculate the remainder when s is divided by n(-3).
14
Let k(b) = -b**3 - 5*b**2 - 3*b + 4. Suppose 67 = 5*o - 8. Calculate the remainder when k(-6) is divided by o.
13
Suppose 3*w = -h + 16, 5*h - 2 = 2*w - 4*w. Calculate the remainder when 44 is divided by (w/9)/((-2)/(-45)).
14
Let x = -623 - -635. What is the remainder when 154 is divided by x?
10
Suppose 5*q + 82 = n, 3*n = -2*q - 3*q + 306. Calculate the remainder when n is divided by 51.
46
Let u(w) = w**3 + 14*w**2 + 2*w**2 + 11*w - 2 - 2*w**2 - w**2. Let o be u(-12). What is the remainder when 83 is divided by (4/o)/(3/210)?
27
Let k(h) = -h**3 + 5*h**2 + 3*h - 15. Let l = 89 - 86. What is the remainder when 45 is divided by k(l)?
9
Let z = -1408 + 1419. Calculate the remainder when 79 is divided by z.
2
Suppose -2*y = -4*v + 108, -v = -0*v - 5*y - 36. Calculate the remainder when 119 is divided by v.
15
Suppose 4*h + 4*d = 3*h - 6, -5*h = 2*d - 42. Calculate the remainder when 26 is divided by h.
6
Let a = -19 + 31. Suppose -a*m + 584 = -4*m. Calculate the remainder when m is divided by 38.
35
Suppose 2*k + 87 = 3*w, -85 = k + k - w. Let c = k - -91. Calculate the remainder when c is divided by 25.
24
Suppose -29*g + 16 = -25*g. Suppose -g*a - 5*s = -0*s - 51, -2*s + 28 = 2*a. What is the remainder when a is divided by 8?
3
Suppose 0 = 2*g + 11 - 59. Suppose 5*c + 4*q - g = 8, 3*c - 26 = q. Calculate the remainder when 38 is divided by c.
6
Let z be (3 + -4)/(-1)*54. What is the remainder when 65 is divided by 65/4 - z/(-72)?
14
Let r be (8/4)/((-1)/4). Let i(w) = -2*w - 3. Let x be i(r). Let b = x + 46. Calculate the remainder when b is divided by 15.
14
Let k(i) = 10*i - 61. Suppose -5*p = -248 + 38. What is the remainder when p is divided by k(7)?
6
Let u(t) = 4*t**3 + 71*t**2 + 2*t - 6. What is the remainder when u(-17) is divided by 36?
35
Suppose 0 = 120*u - 111*u - 576. Calculate the remainder when 181 is divided by u.
53
Let g be (4/(-8))/(4/(-24)). Suppose 62 = 5*l - g. Suppose -3*p + 5*j = -19, -2*p + 2*j = -p - 6. What is the remainder when l is divided by p?
5
Let v(h) = -24*h + 9. Let s(n) = 23*n - 9. Let z(t) = -4*s(t) - 5*v(t). Calculate the remainder when z(2) is divided by 17.
13
Let s(u) be the second derivative of -u**3/3 + 8*u**2 + 2*u. Let z be s(7). Let f = z + 2. What is the remainder when 13 is divided by f?
1
Suppose 76 = 3*c + 16. Suppose -w = 11 - c. What is the remainder when 33 is divided by w?
6
Let s = 13 - 12. Let c be 52/2*1/s. Let r = -16 + c. What is the remainder when 19 is divided by r?
9
Let z(x) = -x + 27. Let w be z(17). Suppose -32 = -2*j + 3*k, -3*k + 24 + w = j. What is the remainder when 86 is divided by j?
20
Let g(d) = d**3 + d**2 - 7*d + 1. Let h be g(-3). Suppose 3*l = h*l - 61. Suppose -3*t + l = -62. What is the remainder when 121 is divided by t?
39
Let j(f) be the third derivative of f**6/120 + 7*f**5/60 - 5*f**4/12 - 7*f**3/3 + 35*f**2. Calculate the remainder when j(-7) is divided by 15.
11
Let v = 9 + -22. Let r(l) = l + 7. Let t be r(-5). Calculate the remainder when 3*(t - v) - -1 is divided by 8.
6
Let i = 300 + -289. Calculate the remainder when (0 - 1)*-41*1 is divided by i.
8
Let g(d) be the third derivative of d**4/24 + 7*d**3/6 + 2*d**2. What is the remainder when -4 + (-5)/(-10)*98 is divided by g(9)?
13
Let n(r) = -29*r - 165. What is the remainder when 68 is divided by n(-6)?
5
What is the remainder when 46 is divided by (24/5)/((-6)/(-15))?
10
Let y(p) = -25*p**3 - p**2 + 3*p + 4. What is the remainder when 297 is divided by y(-1)?
22
Let q = 250 - 216. Calculate the remainder when q is divided by 6.
4
Let w(c) = 2*c - 6 + 2 + 3 + c**2. Calculate the remainder when w(-7) is divided by 18.
16
Let x(l) = l + 9. Let p be x(19). Suppose -n + 2*n = p. What is the remainder when 193 is divided by n?
25
Let q(t) = -t**3 + 6*t**2 - 5*t + 15. Let y be q(6). Let d(u) = -2*u - 10. What is the remainder when 71 is divided by d(y)?
11
What is the remainder when 162 is divided by (93/(-9) + 6)*-6?
6
Let u be (20/(-30))/((-2)/57). Suppose 416 = -6*l + u*l. What is the remainder when l is divided by 12?
8
Let s = -25 - -102. Let q = -336 + 362. Calculate the remainder when s is divided by q.
25
Suppose -13*w + 240 = -3*w. What is the remainder when 141 is divided by w?
21
Let g = 160 + -29. Let b = g + -97. Calculate the remainder when 98 is divided by b.
30
Calculate the remainder when 90 is divided by ((-680)/119)/((-1)/7*2).
10
Let j = -500 - -556. What is the remainder when 210 is divided by j?
42
Suppose -5*n + 75 - 10 = 0. Let b = n - 7. What is the remainder when (-9)/(-1) - (2 - 120/30) is divided by b?
5
Let b(n) = 2*n + 1. Let r(f) = -f + 9. Let t be r(9). Let s be b(t). Suppose 25 = 2*m + s. What is the remainder when 46 is divided by m?
10
What is the remainder when 528 is divided by (((-147)/6)/(-7))/(2/16)?
24
Let y(x) = -2*x**2 - 5*x - 2. Let l be y(-2). Suppose l = o - r + 3*r - 84, 3*o = -r + 277. What is the remainder when o is divided by 24?
22
Let m(k) = -6*k - 87. Suppose -26 = -3*z + 2*u - 0*u, -19 = -2*z + 3*u. Calculate the remainder when m(-17) is divided by z.
7
Suppose 5*j + 3*a + 61 = 335, -3*j = a - 162. Let y = -46 + j. Calculate the remainder when 25 is divided by y.
4
What is the re